e value of (-4 - (1 - (2 + -5))) + 3?
-5
Evaluate 0 + 4 + 6 - 14.
-4
Calculate -1 + 18 + (4 - 11).
10
What is the value of 9 - 0 - (171 + -165)?
3
Calculate -1 + -1 + -2 - (-14 + 16).
-6
What is -10 + 2 + 4 + (-4 - -5)?
-3
Evaluate 1 + -2 + 2 - -2.
3
-8 - -5 - (-5 - -5)
-3
What is -9 + 12 - (-4 + -3 + 3)?
7
What is the value of 5 + 4 + -10 + -4?
-5
-5 + (15 + 2 - 8)
4
0 - (7 - 1 - 3)
-3
Calculate (3 - 3 - (0 + 3)) + 0.
-3
(-3 - 1 - (19 - 25)) + 3
5
Evaluate 9 - (-6 - -3 - -10).
2
What is -8 + (21 - 14) + (1 - 8)?
-8
3 + -5 + (1 - -3) + -6
-4
Calculate 1 - 1 - (5 + -1 + -1).
-3
What is the value of 3 + 1 - (6 + (-1 - 3))?
2
Calculate 1 + -2 + 0 + 6 + -3.
2
What is -4 - (6 + -3 + -7)?
0
What is -115 - -106 - (-14 + 1)?
4
8 - -1 - (-9 + 5 + 5)
8
What is the value of -12 + 0 - (-2 + -13)?
3
What is the value of -9 - (-7 + 2 + (3 - 2))?
-5
Calculate -3 + 7 - 0 - (1 + 6).
-3
5 + -2 + 3 + -3
3
Evaluate (0 + -1 - -2) + (4 - 5).
0
Calculate (6 - 16 - -15) + 1 + -5.
1
Calculate (0 - 0 - -4) + -7 + 1.
-2
Evaluate 4 - (0 + 1 - 0).
3
What is the value of 8 - ((3 - 8) + -1 - -8)?
6
Calculate -6 + 1 + (44 - 42).
-3
Calculate (0 - (-10 + 0)) + -8.
2
Calculate 0 - (-2 + -3 + 7).
-2
What is the value of 9 + (-10 - -6) + -3 + 1?
3
What is the value of (-6 - (-9 + -1)) + -5?
-1
What is the value of -5 + (5 - (-12 + (-6 - -12)))?
6
Evaluate 5 + (-4 - -4) - 3.
2
Calculate -4 + (-3 - (4 + -8)).
-3
What is the value of (-1 - -3) + -2 - 4?
-4
(4 - 1) + -6 - (-2 - 0)
-1
What is -6 + 1 + -5 + 2?
-8
Calculate -12 - (-7 - (9 + -11)).
-7
What is the value of -5 - (7 + (-9 - 2))?
-1
Evaluate -14 + (-7 - -9) + 10.
-2
Calculate -6 - -10 - 1 - (2 - -1).
0
Evaluate (15 - 14) + (0 - 0).
1
Evaluate ((-3 - -6) + -2 - -5) + -1.
5
3 + 0 + (0 - 5 - -3)
1
Calculate 89 - 84 - (-1 - -14).
-8
What is (-7 - -6) + (0 - (2 - 9))?
6
-8 + (5 - 5) + 5
-3
Calculate (4 - 3) + -7 + 3.
-3
What is the value of -4 + 3 - -2 - (-6 + 10)?
-3
What is the value of (2 - 1) + -11 + (85 - 83)?
-8
Evaluate -1 - (-3 - -1) - (-21 - -27).
-5
-3 - -6 - (2 - (4 - 3))
2
Evaluate -8 + -3 + 4 + 9.
2
Calculate -4 + -2 - (-2 - 0).
-4
Evaluate 1 + (-6 - (8 - 8)).
-5
1 + -10 + (6 - 1)
-4
Evaluate (-10 + 3 - 1 - -2) + 1.
-5
What is the value of -8 + 12 - ((-2 - 0) + 2)?
4
Calculate -13 - -9 - (2 + 1 - 2).
-5
What is the value of (0 - 0) + (-2 - 0)?
-2
What is the value of 1 - 6 - (4 - 11) - 2?
0
(10 - 0 - 10) + 10
10
(3 - (9 + -5)) + (0 - -5)
4
4 + (-1 - 5) - -2
0
What is the value of -5 + (0 - 1 - -3 - 1)?
-4
Calculate 14 + -10 + 12 + -9.
7
Calculate -8 + (-6 - 3 - -16).
-1
12 + (23 - 12) + -14
9
What is (-2 - (-1 - 5) - -1) + -3?
2
Calculate 1 + 0 - (4 - 8).
5
Calculate -15 + 7 - (-3 + -1).
-4
Calculate 11 + -1 - (6 + 1).
3
Evaluate 3 + 3 + (-6 - -2).
2
What is (-20 - (-7 - -2)) + 6?
-9
What is (-7 - (-7 - (10 - 8))) + 2?
4
What is (-3 + -4 - -1) + 32 + -32?
-6
Evaluate -6 - ((-4 - (-5 - 0)) + -11).
4
What is -2 - 0 - (-9 + 8)?
-1
-5 - -2 - (-8 + 18 - 9)
-4
What is -8 + 9 + (2 - 2)?
1
Evaluate 22 + -18 - (4 + 1).
-1
Evaluate -2 - (6 + (1 - 14)).
5
Evaluate -7 + 5 + -2 + 9.
5
Evaluate 6 - (-1 + 5 + -1).
3
Evaluate (-12 - -5) + 0 - -13 - 3.
3
What is the value of 12 - (6 - (-9 - -3))?
0
-4 + 9 - (7 - (-1 - -1))
-2
What is the value of 7 + -10 + 1 - 2?
-4
What is -5 + 1 - (-21 - -19)?
-2
Calculate 2 + -11 + 11 + -12.
-10
What is the value of 13 - (-4 - -9) - (6 + -2)?
4
Calculate 1 + (-5 - 2 - -4).
-2
What is 0 + 23 - (145 + -133)?
11
What is 3 - (6 - (0 + -2))?
-5
Evaluate 5 + (5 - 13) + 4 + -1.
0
-7 + 1 + 9 + -2
1
Evaluate -4 + 1 + (5 - 4 - -2).
0
What is -3 - (-9 - (-15 - -6))?
-3
-1 - -4 - 0 - 2
1
Evaluate -8 + (10 - 0) + (3 - 3).
2
Evaluate (0 - 1) + -10 + 13.
2
What is the value of (1 - (-5 + 3)) + -1?
2
Evaluate -3 + -5 + 7 + 2.
1
Evaluate -3 - (-1 + (15 - (8 + -1))).
-10
Calculate (42 - 47) + (1 - -5).
1
What is 0 + 2 + -7 + 15 + -2?
8
-2 - (-1 - -3 - 2)
-2
-2 - (0 + (-5 - -6))
-3
What is the value of -1 - -3 - (-5 + 7 - -4)?
-4
What is the value of (5 + -4 - 2) + 5?
4
Calculate -6 + 4 + (0 - (-1 - -3)).
-4
What is the value of -2 + 1 + -3 + 1 - -4?
1
-1 + (5 - 1) + 1
4
What is 4 + 1 - (-7 + 13)?
-1
What is -2 + 4 + 7 + -4?
5
Evaluate 11 + -9 + 14 + -7.
9
What is 17 + -18 + (1 - -1 - -1)?
2
What is 10 + -7 + (8 - 19)?
-8
Calculate -16 + 21 + 0 + -1 + 3.
7
(-4 - -5) + -2 - 2
-3
What is the value of (71 - 70) + (6 - 1)?
6
What is 7 + -5 - 9 - (-2 + 3)?
-8
What is (3 + 4 - 3) + (-7 - -4)?
1
Calculate 12 - (4 + -5 - -10).
3
-1 - (1 - (8 - 9))
-3
What is -5 - (0 - 1) - (-44 - -45)?
-5
What is the value of -5 - (-3 + 0) - (-1 - -1)?
-2
What is 7 + (-5 - (-3 - -6))?
-1
What is 4 + 0 + -3 + (-1 - 0)?
0
What is (11 - (10 + -6)) + (-2 - -4)?
9
What is -6 - -5 - (-1 - 0)?
0
What is the value of -5 + 16 + -5 - 0?
6
Calculate (-4 + (-3 - -6) - 2) + 9.
6
Evaluate 2 + 6 - (55 + -51).
4
Calculate 5 + (6 - 5 - (4 + -4)).
6
What is (-5 - -2) + 0 + -1 + 9?
5
What is 1 + 16 + (-40 - -32) + -6?
3
Evaluate 6 + -7 + 2 - 4.
-3
Evaluate 0 - ((1 - -2) + 1) - -2.
-2
What is 5 + (1 - -1) + -5?
2
What is the value of (1 - ((-2 - -1) + 5)) + 4?
1
What is -7 - -11 - (4 + -1 + -2)?
3
What is 7 + (7 - 7) - 1?
6
What is the value of -131 + 135 + -1 + 1 + 3?
7
-13 + 16 + (0 - 7)
-4
Calculate (-6 + 10 - -2) + -1 + 0.
5
Evaluate -6 + (5 + 2 - 2).
-1
Evaluate 5 - (6 - (10 + -15)).
-6
3 + (-2 - -4) + -10
-5
Evaluate -1 + 3 + -5 + -5.
-8
Evaluate 17 - 20 - (-3 + 2 - 2).
0
What is 1 - 3 - -3 - 1 - 1?
-1
-5 + (-5 - -5) + 1
-4
Calculate -115 - -118 - (1 - (5 - 2)).
5
What is the value of 5 + (7 + -9 - (2 + 0))?
1
10 - (8 + 3 - -1)
-2
What is the value of 1 + 1 + -1 - (12 - 6)?
-5
Evaluate 3 + 1 + -22 + 26.
8
Evaluate -3 + -1 + -2 + 2.
-4
Evaluate -12 - -15 - (8 + -1) - -9.
5
What is the value of -16 + 17 + -3 + -3?
-5
Calculate (2 - 2) + -1 + -2 + 7.
4
What is 3 + -3 + 0 + -2?
-2
What is the value of (3 - -7 - 19) + 6?
-3
What is (10 + -10 - -8) + -14?
-6
-3 + 3 + -2 + 2
0
Calculate -1 + 0 + 0 - (-19 - -21).
-3
What is the value of (-10 - -12) + -4 + 5?
3
(8 - (3 + -6)) + (-7 - -2)
6
What is 0 + 1 - (-5 + 9)?
-3
Calculate -18 + 21 + (-9 - (1 - 2)).
-5
What is the value of -2 + 9 - (-1 + 3)?
5
Evaluate 1 + (-4 - -9) + -3.
3
Calculate 7 - (6 - 1 - 0).
2
What is the value of -2 - ((1 - 10) + (-9 - -13))?
3
(14 - (-5 + 8)) + -16
-5
What is 1 + -4 + (-3 + 1 - -2)?
-3
Calculate 5 - ((-9 - -13) + (-2 - -7)).
-4
Calculate 18 + -6 - 0 - 8.
4
What is -3 - 0 - (12 + -18)?
3
-3 + 7 + 4 - 2
6
Calculate 4 + (-9 - -3 - (3 + -4)).
-1
Evaluate 0 + 0 - (5 - (-4 + 6)).
-3
What is the value of 1 + (8 - (1 - -1))?
7
What is 0 + (-5 + 1 - (18 + -24))?
2
Evaluate -3 - (2 + 0 - (1 + 2)).
-2
Evaluate 4 + 3 + (-42 - -19) + 7.
-9
What is the value of -4 - (-7 + 6) - 4?
-7
Calculate (6 - -8) + -8 + -7.
-1
What is -7 + (1 - 2 - -5)?
-3
Calculate (-4 - (-2 - -2)) + 3.
-1
Calculate -9 + 12 + (0 - 6) - -4.
1
What is -3 - ((4 - 3) + -7)?
3
Evaluate 4 + -4 + -1 + -1 + 1.
-1
What is the value of 10 + -3 + 0 + -2?
5
What is (-5 - -1) + (-1 - 15 - -13)?
-7
What is the value of 6 + (-2 - 0) + -2 + 2?
4
Evaluate 2 + (0 - 4) + 6.
4
Evaluate -7 - (-4 + 0) - (-1 - 7).
5
3 + 0 + -4 + 3
2
What is the value of 0 + 12 + -8 + (-12 - -2)?
-6
Evaluate 2 + 3 - (9 + -8).
4
Calculate -6 + (6 - (-5 + 1)) + -2.
2
0 - (8 + -3) - -14
9
Evaluate 19 + -6 + -9 + -7.
-3
Calculate (7 + -5 - (3 - 3)) + -1.
1
What is (-1 - -1) + (-2 - (-1 + -2))?
1
5 - 3 - 0 - 1
1
3 + -1 - (-5 + (-3 - -5))
5
What is the value of (-1 - -1 - -1) + -5 + 6?
2
Calculate 8 - (4 + (-4 - -11)).
-3
(-1 - (4 - 5)) + 4
4
28 - 12 - -2 - 13
5
Calculate 10 - 2 - (10 + -7).
5
Calculate 0 + (3 - -6) - 15.
-6
23 + -18 + (2 - 15) + -2
-10
-6 + 1 + (9 - 1)
3
What is the value of -28 + 30 + (2 - 5)?
-1
What is 0 + -2 - -2 - (20 + -16)?
-4
Calculate (-6 - (6 - 9)) + 8.
5
What is the value of -2 + (1 - 8) + 10?
1
(-1 - -14) + (3 + 9 - 16)
9
Calculate 14 - 3 - (17 + -11).
5
-8 - -18 - (0 - -12)
-2
Calculate -9 - (-7 + (-3 - -6)).
-5
What is 3 - (7 - (1 + 1))?
-2
Evaluate -6 - 0 - -2 - (9 + -9).
-4
10 + -8 + -9 + 14
7
Calculate -2 + 4 + 0 + 2.
4
-4 + (8 + -4 - 5)
-5
What is (-2 - -1) + 3 - (-8 + 10)?
0
Evaluate 6 - 3 - (-10 - -20).
-7
What is -1 + 0 + (-4 - -2) + 0?
-3
What is -3 + (-4 - -8) - -5 - 2?
4
1 + 7 + -4 + 2 + -1
5
Calculate -5 + -1 - (-54 + 5